{"id":31,"date":"2023-06-08T20:33:55","date_gmt":"2023-06-08T20:33:55","guid":{"rendered":"https:\/\/bistue.es\/?page_id=31"},"modified":"2025-08-16T12:00:42","modified_gmt":"2025-08-16T12:00:42","slug":"servicios-medicos-periciales","status":"publish","type":"page","link":"https:\/\/bistue.es\/index.php\/servicios-medicos-periciales\/","title":{"rendered":"Servicios m\u00e9dicos periciales"},"content":{"rendered":"\n<div class=\"wp-block-columns is-layout-flex wp-container-core-columns-is-layout-9d6595d7 wp-block-columns-is-layout-flex\">\n<div class=\"wp-block-column is-vertically-aligned-center is-layout-flow wp-block-column-is-layout-flow\">\n<p>El dolor es subjetivo. Solo quien padece dolor sabe lo que realmente sufre. Es por este motivo que es tan dif\u00edcil explicar cuan grande es un mal y es por este mismo motivo por el cual es necesario disponer de un servicio de peritaci\u00f3n m\u00e9dica para evaluar el dolor de los pacientes y certificarlo ante terceras personas.<br>Ponemos a disposici\u00f3n de nuestros clientes un completo sistema de cuantificaci\u00f3n del dolor de forma que pueda expresarse objetivamente el dolor subjetivo de un paciente y as\u00ed hacerlo comprensible para los dem\u00e1s. Ser\u00e1 especialmente interesante utilizar estos m\u00e9todos para reclamaciones judiciales en caso de accidente, minusval\u00eda, invalidez, mala praxis, etc.<\/p>\n\n\n\n<h2 class=\"wp-block-heading\">Accidentes de tr\u00e1nsito o accidentes laborales<\/h2>\n\n\n\n<p>Estos informes contienen un estudio del estado anterior del paciente, la descripci\u00f3n de la evoluci\u00f3n cl\u00ednica y una exploraci\u00f3n f\u00edsica i ps\u00edquica rigurosa. Para elaborar estos informes se precisa de documentaci\u00f3n m\u00e9dica del paciente, as\u00ed como pruebas de diagn\u00f3stico adecuadas, consideraciones medico-legales, d\u00edas de estabilizaci\u00f3n lesional, secuelas actuales y secuelas permanentes. Estos informes acaban argumentando las causas de incapacidad para actividades de la vida cotidiana<\/p>\n<\/div>\n\n\n\n<div class=\"wp-block-column is-layout-flow wp-block-column-is-layout-flow\">\n<figure class=\"wp-block-image size-large\"><img loading=\"lazy\" decoding=\"async\" width=\"771\" height=\"1024\" src=\"https:\/\/bistue.es\/wp-content\/uploads\/2025\/08\/dibujo-de-anatomia-de-estilo-vintage-771x1024.jpg\" alt=\"\" class=\"wp-image-78\" srcset=\"https:\/\/bistue.es\/wp-content\/uploads\/2025\/08\/dibujo-de-anatomia-de-estilo-vintage-771x1024.jpg 771w, https:\/\/bistue.es\/wp-content\/uploads\/2025\/08\/dibujo-de-anatomia-de-estilo-vintage-226x300.jpg 226w, https:\/\/bistue.es\/wp-content\/uploads\/2025\/08\/dibujo-de-anatomia-de-estilo-vintage-768x1020.jpg 768w, https:\/\/bistue.es\/wp-content\/uploads\/2025\/08\/dibujo-de-anatomia-de-estilo-vintage-1157x1536.jpg 1157w, https:\/\/bistue.es\/wp-content\/uploads\/2025\/08\/dibujo-de-anatomia-de-estilo-vintage-1543x2048.jpg 1543w, https:\/\/bistue.es\/wp-content\/uploads\/2025\/08\/dibujo-de-anatomia-de-estilo-vintage-467x620.jpg 467w, https:\/\/bistue.es\/wp-content\/uploads\/2025\/08\/dibujo-de-anatomia-de-estilo-vintage-753x1000.jpg 753w, https:\/\/bistue.es\/wp-content\/uploads\/2025\/08\/dibujo-de-anatomia-de-estilo-vintage-490x650.jpg 490w, https:\/\/bistue.es\/wp-content\/uploads\/2025\/08\/dibujo-de-anatomia-de-estilo-vintage-339x450.jpg 339w, https:\/\/bistue.es\/wp-content\/uploads\/2025\/08\/dibujo-de-anatomia-de-estilo-vintage-scaled.jpg 1928w\" sizes=\"auto, (max-width: 771px) 100vw, 771px\" \/><\/figure>\n<\/div>\n<\/div>\n\n\n\n<div class=\"wp-block-columns is-layout-flex wp-container-core-columns-is-layout-9d6595d7 wp-block-columns-is-layout-flex\">\n<div class=\"wp-block-column is-layout-flow wp-block-column-is-layout-flow\">\n<ul class=\"wp-block-list\"><\/ul>\n\n\n\n<figure class=\"wp-block-image size-large\"><img loading=\"lazy\" decoding=\"async\" width=\"771\" height=\"1024\" src=\"https:\/\/bistue.es\/wp-content\/uploads\/2025\/08\/dibujo-de-anatomia-estilo-vintage-771x1024.jpg\" alt=\"\" class=\"wp-image-79\" srcset=\"https:\/\/bistue.es\/wp-content\/uploads\/2025\/08\/dibujo-de-anatomia-estilo-vintage-771x1024.jpg 771w, https:\/\/bistue.es\/wp-content\/uploads\/2025\/08\/dibujo-de-anatomia-estilo-vintage-226x300.jpg 226w, https:\/\/bistue.es\/wp-content\/uploads\/2025\/08\/dibujo-de-anatomia-estilo-vintage-768x1020.jpg 768w, https:\/\/bistue.es\/wp-content\/uploads\/2025\/08\/dibujo-de-anatomia-estilo-vintage-1157x1536.jpg 1157w, https:\/\/bistue.es\/wp-content\/uploads\/2025\/08\/dibujo-de-anatomia-estilo-vintage-1543x2048.jpg 1543w, https:\/\/bistue.es\/wp-content\/uploads\/2025\/08\/dibujo-de-anatomia-estilo-vintage-467x620.jpg 467w, https:\/\/bistue.es\/wp-content\/uploads\/2025\/08\/dibujo-de-anatomia-estilo-vintage-753x1000.jpg 753w, https:\/\/bistue.es\/wp-content\/uploads\/2025\/08\/dibujo-de-anatomia-estilo-vintage-490x650.jpg 490w, https:\/\/bistue.es\/wp-content\/uploads\/2025\/08\/dibujo-de-anatomia-estilo-vintage-339x450.jpg 339w, https:\/\/bistue.es\/wp-content\/uploads\/2025\/08\/dibujo-de-anatomia-estilo-vintage-scaled.jpg 1928w\" sizes=\"auto, (max-width: 771px) 100vw, 771px\" \/><\/figure>\n<\/div>\n\n\n\n<div class=\"wp-block-column is-layout-flow wp-block-column-is-layout-flow\">\n<ul class=\"wp-block-list\"><\/ul>\n\n\n\n<h2 class=\"wp-block-heading\">Informe m\u00e9dico pericial de incapacidad laboral<\/h2>\n\n\n\n<p>Estos informes son muy similares con los anteriores, pero sobretodo se fijan en las secuelas permanentes de un lesionado. Ayudados con un profesiograma y si el caso tiene una base para tirar adelante, este tipo de informe se usa para demandar minusvalias, invalidezes e incapacidades.<\/p>\n\n\n\n<h2 class=\"wp-block-heading\">Otros estudios periciales m\u00e9dicos<\/h2>\n\n\n\n<ul class=\"wp-block-list\">\n<li>Malas praxis<\/li>\n\n\n\n<li>Tramitaci\u00f3n de la ley de dependencia<\/li>\n\n\n\n<li>Enfermedades profesionales y toxicolog\u00eda<\/li>\n\n\n\n<li>Accidentes profesionales (informe de sanidad)<\/li>\n\n\n\n<li>Accidentes de trafico (informe de sanidad)<\/li>\n\n\n\n<li>Mobbing y bulling, estr\u00e9s laboral, acoso en el trabajo<\/li>\n\n\n\n<li>Impugnaciones de alta<\/li>\n\n\n\n<li>Valoraci\u00f3n de todo da\u00f1o corporal y ps\u00edquico:\n<ul class=\"wp-block-list\">\n<li>ca\u00eddas en la v\u00eda p\u00fablica,<\/li>\n\n\n\n<li>da\u00f1os deportivos,<\/li>\n\n\n\n<li>accidentes escolares,<\/li>\n\n\n\n<li>quemados,<\/li>\n\n\n\n<li>envenenamiento,<\/li>\n\n\n\n<li>radiados,<\/li>\n\n\n\n<li>alteraci\u00f3n del sue\u00f1o\u2026<\/li>\n<\/ul>\n<\/li>\n<\/ul>\n<\/div>\n<\/div>\n","protected":false},"excerpt":{"rendered":"<p>El dolor es subjetivo. Solo quien padece dolor sabe lo que realmente sufre. Es por este motivo que es tan dif\u00edcil explicar cuan grande es un mal y es por&hellip;<a href=\"https:\/\/bistue.es\/index.php\/servicios-medicos-periciales\/\" class=\"more-link\"><span class=\"more-button\">Continue reading<span class=\"screen-reader-text\">Servicios m\u00e9dicos periciales<\/span><\/span><\/a><\/p>\n","protected":false},"author":1,"featured_media":0,"parent":0,"menu_order":0,"comment_status":"closed","ping_status":"closed","template":"","meta":{"footnotes":""},"class_list":["post-31","page","type-page","status-publish","hentry"],"_links":{"self":[{"href":"https:\/\/bistue.es\/index.php\/wp-json\/wp\/v2\/pages\/31","targetHints":{"allow":["GET"]}}],"collection":[{"href":"https:\/\/bistue.es\/index.php\/wp-json\/wp\/v2\/pages"}],"about":[{"href":"https:\/\/bistue.es\/index.php\/wp-json\/wp\/v2\/types\/page"}],"author":[{"embeddable":true,"href":"https:\/\/bistue.es\/index.php\/wp-json\/wp\/v2\/users\/1"}],"replies":[{"embeddable":true,"href":"https:\/\/bistue.es\/index.php\/wp-json\/wp\/v2\/comments?post=31"}],"version-history":[{"count":4,"href":"https:\/\/bistue.es\/index.php\/wp-json\/wp\/v2\/pages\/31\/revisions"}],"predecessor-version":[{"id":80,"href":"https:\/\/bistue.es\/index.php\/wp-json\/wp\/v2\/pages\/31\/revisions\/80"}],"wp:attachment":[{"href":"https:\/\/bistue.es\/index.php\/wp-json\/wp\/v2\/media?parent=31"}],"curies":[{"name":"wp","href":"https:\/\/api.w.org\/{rel}","templated":true}]}}