{"id":47,"date":"2023-06-08T20:56:30","date_gmt":"2023-06-08T20:56:30","guid":{"rendered":"https:\/\/bistue.es\/?page_id=47"},"modified":"2024-04-09T13:43:55","modified_gmt":"2024-04-09T13:43:55","slug":"donde-estamos","status":"publish","type":"page","link":"https:\/\/bistue.es\/index.php\/donde-estamos\/","title":{"rendered":"D\u00f3nde estamos"},"content":{"rendered":"\n<p>Las oficinas de la asesoria pericial Bistu\u00e9 se encuentran en Buffetmedic, calle Sep\u00falveda 125 bajos, de Barcelona.<br>La estaci\u00f3n de metro m\u00e1s cercana es la estaci\u00f3n de Urgell, en la l\u00ednea 1.<br>Se precisa concertar cita.<\/p>\n\n\n\n<div class=\"mapouter\"><div class=\"gmap_canvas\"><iframe loading=\"lazy\" width=\"600\" height=\"500\" id=\"gmap_canvas\" src=\"https:\/\/maps.google.com\/maps?q=sepulveda%20125,%20barcelona&#038;t=&#038;z=17&#038;ie=UTF8&#038;iwloc=&#038;output=embed\" frameborder=\"0\" scrolling=\"no\" marginheight=\"0\" marginwidth=\"0\"><\/iframe><a href=\"https:\/\/123movies-i.net\">123movies<\/a><br><style>.mapouter{position:relative;text-align:right;height:500px;width:600px;}<\/style><a href=\"https:\/\/www.embedgooglemap.net\"><\/a><style>.gmap_canvas {overflow:hidden;background:none!important;height:500px;width:600px;}<\/style><\/div><\/div>\n","protected":false},"excerpt":{"rendered":"<p>Las oficinas de la asesoria pericial Bistu\u00e9 se encuentran en Buffetmedic, calle Sep\u00falveda 125 bajos, de Barcelona.La estaci\u00f3n de metro m\u00e1s cercana es la estaci\u00f3n de Urgell, en la l\u00ednea&hellip;<a href=\"https:\/\/bistue.es\/index.php\/donde-estamos\/\" class=\"more-link\"><span class=\"more-button\">Continue reading<span class=\"screen-reader-text\">D\u00f3nde estamos<\/span><\/span><\/a><\/p>\n","protected":false},"author":1,"featured_media":0,"parent":0,"menu_order":0,"comment_status":"closed","ping_status":"closed","template":"","meta":{"footnotes":""},"class_list":["post-47","page","type-page","status-publish","hentry"],"_links":{"self":[{"href":"https:\/\/bistue.es\/index.php\/wp-json\/wp\/v2\/pages\/47","targetHints":{"allow":["GET"]}}],"collection":[{"href":"https:\/\/bistue.es\/index.php\/wp-json\/wp\/v2\/pages"}],"about":[{"href":"https:\/\/bistue.es\/index.php\/wp-json\/wp\/v2\/types\/page"}],"author":[{"embeddable":true,"href":"https:\/\/bistue.es\/index.php\/wp-json\/wp\/v2\/users\/1"}],"replies":[{"embeddable":true,"href":"https:\/\/bistue.es\/index.php\/wp-json\/wp\/v2\/comments?post=47"}],"version-history":[{"count":3,"href":"https:\/\/bistue.es\/index.php\/wp-json\/wp\/v2\/pages\/47\/revisions"}],"predecessor-version":[{"id":70,"href":"https:\/\/bistue.es\/index.php\/wp-json\/wp\/v2\/pages\/47\/revisions\/70"}],"wp:attachment":[{"href":"https:\/\/bistue.es\/index.php\/wp-json\/wp\/v2\/media?parent=47"}],"curies":[{"name":"wp","href":"https:\/\/api.w.org\/{rel}","templated":true}]}}